**2 + 208*w + 229. Determine x(-22).
9
Let r(a) = -a**3 - 10*a**2 - 18*a - 375. What is r(-11)?
-56
Let w(q) = -1313*q + 21001. Determine w(16).
-7
Let t(l) = -l**2 - 5*l + 63. Determine t(-10).
13
Let b(h) = -36*h**3 - h**2 - 4. Calculate b(2).
-296
Let m(n) = 2*n**2 - 35*n - 20. What is m(18)?
-2
Let g(y) = 2*y**2 - 141*y + 401. Give g(67).
-68
Let o(v) = v**3 + 65*v**2 + 1026*v - 1. Give o(-27).
-1
Let i(p) = 68*p - 1665. What is i(25)?
35
Let a(q) = -3*q**2 + 93*q - 119. Give a(30).
-29
Let s(k) = 36*k**3 + 42*k**2 - 27*k - 33. Determine s(-1).
0
Let f(l) = -l**2 + 40*l - 359. Determine f(30).
-59
Let d(w) = w**2 - 6*w - 18. Determine d(0).
-18
Let d(c) = 13*c**2 - 9*c + 1. Calculate d(3).
91
Let l(d) = 45*d - 300. Calculate l(14).
330
Let b(x) = 570*x - 4002. What is b(7)?
-12
Let h(o) = 2*o**3 + 23*o**2 - 321*o - 3657. Determine h(-11).
-5
Let y(x) = -x**2 - 201*x - 6855. Give y(-156).
165
Let d(x) = -x**3 + 46*x**2 - 503*x - 39. Calculate d(28).
-11
Let s(d) = -11014*d + 44067. What is s(4)?
11
Let x(t) = t**3 + 29*t**2 + 48*t + 2335. What is x(-30)?
-5
Let a(i) = 3*i**3 + 3*i**2 + 5*i - 100. Give a(0).
-100
Let a(z) = 327*z + 12105. Give a(-37).
6
Let o(y) = -2*y**2 - 406*y + 11914. Determine o(26).
6
Let t(w) = w**3 + 21*w**2 - 704*w - 72. What is t(-39)?
6
Let t(p) = -4*p**3 - 13*p**2 + 16*p + 43. Determine t(-5).
138
Let g(r) = -15*r**2 - 33*r - 5. Calculate g(-2).
1
Let q(b) = 3*b**2 - 86*b + 358. Determine q(4).
62
Let l(q) = q**3 + 3*q**2 + 3*q - 497. What is l(0)?
-497
Let w(c) = c**2 + 142*c - 3727. Give w(25).
448
Let h(x) = 5*x**2 - 836*x - 1677. Calculate h(-2).
15
Let z(v) = v**3 - 8*v**2 - 3*v - 20. Calculate z(8).
-44
Let c(h) = -3*h**3 + 37*h**2 + 6*h + 270. Calculate c(13).
10
Let j(r) = 8*r - 91. Determine j(11).
-3
Let s(x) = -2*x**2 + 72*x + 139. Determine s(-2).
-13
Let h(x) = -626*x + 1252. What is h(2)?
0
Let a(j) = 335*j - 4702. Give a(14).
-12
Let r(s) = 66*s - 212. Calculate r(1).
-146
Let x(a) = -267*a + 3732. Determine x(14).
-6
Let y(u) = -3*u**3 + 183*u**2 + 184*u + 123. Determine y(62).
-1
Let w(a) = 20*a**2 - 69*a - 43. What is w(4)?
1
Let y(x) = x**3 - 42*x**2 + 188*x - 167. Give y(37).
-56
Let z(j) = 17*j + 98. Determine z(-2).
64
Let n(z) = 3*z**3 + 7*z**2 - 3*z - 64. Determine n(-4).
-132
Let a(v) = -1359*v - 29896. Determine a(-22).
2
Let k(c) = c**2 - 114*c - 23340. Calculate k(-106).
-20
Let r(q) = q**3 - 12*q**2 + 297*q - 2769. Calculate r(10).
1
Let k(i) = -2*i**3 + 17*i**2 + 12*i - 14. Determine k(10).
-194
Let g(w) = w**2 - 73*w + 1249. Give g(44).
-27
Let w(k) = 2*k + 67. Give w(14).
95
Let u(v) = 180*v - 1143. Determine u(6).
-63
Let n(x) = -x**3 + 99*x**2 - 405*x + 2377. Calculate n(95).
2
Let z(w) = 31*w - 653. Calculate z(21).
-2
Let w(g) = -13*g - 202. What is w(-14)?
-20
Let k(o) = -97*o**2 + 547*o + 214. Calculate k(6).
4
Let l(c) = c**2 + 42*c - 1143. What is l(-64)?
265
Let r(q) = 21*q + 1324. Give r(-63).
1
Let l(t) = t**3 + 142*t**2 - 138*t + 902. What is l(-143)?
187
Let t(z) = -z**3 - 30*z**2 + 51*z - 25. Calculate t(-32).
391
Let w(z) = -2*z**3 - 16*z**2 - 36*z + 3. Give w(-5).
33
Let p(h) = -6*h**2 + 41*h - 59. Calculate p(4).
9
Let r(g) = 73*g - 2373. Give r(31).
-110
Let d(p) = -p**2 - 203*p - 2127. Calculate d(-11).
-15
Let x(r) = r**3 + 28*r**2 + 55*r + 73. Determine x(-26).
-5
Let m(h) = 3*h**2 - 12*h - 44. Calculate m(6).
-8
Let h(k) = -k**3 - 18*k**2 - 30*k - 2597. What is h(-22)?
-1
Let m(v) = -v**3 - 52*v**2 - 296*v - 2873. What is m(-47)?
-6
Let u(c) = 93*c**3 + c**2 + 6*c + 5. Give u(-1).
-93
Let q(k) = -5559*k - 16663. What is q(-3)?
14
Let d(l) = -3*l**2 + 9*l + 7. What is d(-8)?
-257
Let o(w) = w**3 - 8*w**2 + 17*w - 26. Give o(6).
4
Let q(s) = -s**2 + 50*s + 607. What is q(-10)?
7
Let q(h) = 27*h - 303. Give q(17).
156
Let h(i) = -i**3 - 20*i**2 + 9*i - 33. What is h(-21)?
219
Let f(g) = -10*g + 41. Determine f(6).
-19
Let b(a) = a**3 + 33*a**2 + 111*a + 1525. Calculate b(-31).
6
Let l(o) = o**3 + 14*o**2 + 70*o + 40. What is l(-12)?
-512
Let m(t) = 20*t**2 + 299*t - 24. Determine m(-15).
-9
Let x(k) = -13*k - 71. Give x(0).
-71
Let n(m) = -30*m + 681. Determine n(22).
21
Let o(s) = s**3 + 21*s**2 + 78*s - 1. Give o(-17).
-171
Let t(u) = -2*u**2 + 10*u + 11. Calculate t(13).
-197
Let d(f) = 2*f**3 + 117*f**2 + 68*f + 580. Determine d(-58).
0
Let f(p) = 3*p**2 - 76*p - 1488. What is f(38)?
-44
Let b(m) = -m**3 - 10*m**2 + 37*m + 159. What is b(-12)?
3
Let r(t) = t**2 - 74*t + 16. What is r(74)?
16
Let g(n) = 15*n**2 + 85*n + 137. Determine g(-3).
17
Let m(u) = -4*u**2 - 123*u + 126. Give m(1).
-1
Let s(y) = -y**2 - 23*y - 36. Calculate s(-23).
-36
Let r(m) = 53*m - 408. Calculate r(7).
-37
Let r(u) = -u**2 + 17*u + 107. Give r(20).
47
Let x(s) = 117*s - 1131. Calculate x(10).
39
Let i(y) = y**3 + 6*y**2 - 46. Determine i(-6).
-46
Let g(q) = 9*q + 106. Give g(-21).
-83
Let p(q) = q**3 - 59*q**2 + 353*q + 561. Determine p(52).
-11
Let m(r) = -3*r**2 - 64*r - 692. Calculate m(-18).
-512
Let q(b) = -17*b**2 + 98*b + 19. Calculate q(6).
-5
Let t(n) = 4*n + 197. What is t(-9)?
161
Let y(m) = -m**3 + 37*m**2 + 47*m - 317. What is y(38)?
25
Let h(t) = -18*t**2 - 574*t + 68. Calculate h(-32).
4
Let v(c) = c**2 + 8*c - 228. Calculate v(14).
80
Let v(g) = -1306*g**2 + 54852*g - 1. Calculate v(42).
-1
Let j(r) = 21*r**2 - 18*r - 137. What is j(-4)?
271
Let p(d) = 109*d + 428. What is p(-4)?
-8
Let p(f) = f**3 - 99*f**2 - 193*f - 381. Calculate p(101).
528
Let y(k) = 1070*k - 6303. Calculate y(6).
117
Let f(p) = 23*p + 1441. What is f(-62)?
15
Let t(m) = 336*m - 3357. What is t(10)?
3
Let z(v) = -2*v**3 - 22*v**2 - 31*v + 2. Determine z(-9).
-43
Let i(n) = n**3 - 7*n**2 + 28*n - 80. What is i(5)?
10
Let n(o) = -o**2 + 11*o - 27. Determine n(12).
-39
Let a(k) = -21*k - 147. Calculate a(-9).
42
Let m(d) = 1560*d - 34319. Calculate m(22).
1
Let g(u) = -6*u - 164. What is g(-31)?
22
Let p(a) = 8*a**2 - 27*a - 1073. Calculate p(-10).
-3
Let r(s) = -5*s**2 - 16*s - 26. Give r(-4).
-42
Let m(a) = a**3 - 7*a**2 + 11*a - 24. Determine m(6).
6
Let a(g) = -g**3 + 3*g**2 + 1567*g - 6269. Determine a(4).
-17
Let j(d) = d**3 + 43*d**2 + 83*d + 60. Give j(-41).
19
Let k(l) = -l**3 - 13*l**2 + 23*l - 18. Give k(-15).
87
Let p(z) = -5*z**2 - 68*z + 531. Give p(6).
-57
Let w(y) = -4691*y - 7. Calculate w(0).
-7
Let c(v) = -v**3 + 2*v**2 + 22*v - 79. Calculate c(3).
-22
Let f(i) = -3*i + 81. Calculate f(7).
60
Let b(a) = a**2 + 255*a + 8690. What is b(-41)?
-84
Let j(v) = 125*v - 46. Give j(-4).
-546
Let n(t) = -t**2 + 6*t + 91. Give n(-9).
-44
Let f(h) = -226*h + 1839. Determine f(8).
31
Let n(w) = -w**3 - 57*w**2 - 70*w - 762. Calculate n(-56).
22
Let z(j) = 242*j + 5949. What is z(-25)?
-101
Let z(m) = -2563*m - 10261. Determine z(-4).
-9
Let u(l) = -l**2 - 688*l - 59289. Determine u(-101).
-2
Let i(m) = -m**3 + 11*m**2 + 3*m - 42. Calculate i(4).
82
Let g(n) = n**2 - 151*n + 2602. Calculate g(20).
-18
Let r(q) = 10*q**3 - 3*q**2 - 6*q - 9. Calculate r(-2).
-89
Let c(m) = m**3 + 34*m**2 + 30*m - 114. What is c(-33)?
-15
Let u(k) = -2*k**2 + 53*k - 233. Determine u(5).
-18
Let n(z) = -2*z**2 - 14*z + 252. Calculate n(-17).
-88
Let r(b) = 5*b**2 + 103*b + 66. Determine r(-20).
6
Let l(i) = -3*i**3 + 83*i**2 - 51*i - 89. Calculate l(27).
-8
Let y(t) = -2*t**3 + 10*t**2 - 9*t - 4. What is y(3)?
5
Let w(p) = p**3 - 22*p**2 + 16*p + 8. Determine w(21).
-97
Let z(u) = u**2 + 289*u - 4883. Determine z(16).
-3
Let h(n) = n**2 - 8*n - 290. What is h(23)?
55
Let u(b) = 54*b**2 + 431*b - 10. What is u(-8)?
-2
Let c(l) = l**3 + 6*l**2 - 101*l - 687. What is c(-8)?
-7
Let f(r) = 13524*r + 148770. Give f(-11).
6
Let m(x) = 9*x + 8. What is m(16)?
152
Let n(z) = 30*z**2 + 389*z - 16. Calculate n(-13).
-3
Let d(f) = f**3 - 130*f**2 - 389*f + 32. What is d(-3)?
2
Let r(k) = -k**2 - 84*k - 1680. Calculate r(-33).
3
Let u(s) = -182*s + 702. Calculate u(4).
-26
Let p(i) = -1286*i - 1287. Give p(-1).
-1
Let b(d) = 7*d**2 + 30*d - 494. Determine b(-11).
23
Let n(v) = 87*v**3 + v**2 - v. Determine n(1).
87
Let a(f) = -f**2 + 57*f - 782. Determine a(35).
-12
Let l(i) = 3*i**2 + 30*i - 14. Calculate l(-5).
-89
Let x(n) = 2*n**3 + 58*n**2 + 60*n + 108. Determine x(-28).
-4
Let f(b) = -3*b**2 + 38*b - 121. Give f(6)